 24*l**2 + 3*l + 994. Let i(c) = 37*c**2 + 5*c + 1530. Let s(f) = 13*i(f) - 20*n(f). Let b be ((-2)/4)/(3/18). What is s(b)?
4
Let q(r) = r**3 + 4*r**2 + 2*r - 2. Let f be (-33)/12 - 4/16. Let a(v) = 6*v**2 + 2*v - 7. Let i be a(f). Let c = -44 + i. Determine q(c).
1
Let v(w) = -2*w - 22. Let l(m) = 327*m - 981. Let a be l(3). What is v(a)?
-22
Let u be (2 + 0)/(5/180*6). Let w(c) = -u*c + 7*c - 5*c - c + 1. Give w(-2).
23
Suppose 36 = -694*j + 706*j. Let d(i) be the first derivative of 4 + 0*i + i**j - 1/2*i**2. Determine d(-2).
14
Let p(j) = -2*j + 1. Suppose z - 16 = 5*m, 16 - 48 = -2*z + 3*m. Determine p(z).
-31
Suppose 32*w = 27*w + 55. Let o(g) = -20*g - 15. Let n(y) = -17*y - 14. Let j(k) = -7*n(k) + 6*o(k). Determine j(w).
-3
Let p(q) = -12*q**3 - 2*q**2 - 7*q - 9. Let c(f) = -38*f**3 - 5*f**2 - 21*f - 28. Let z(a) = -2*c(a) + 7*p(a). What is z(-2)?
55
Let a = 66 - -94. Let i(l) = -81 - 79 + a + 5*l. Determine i(1).
5
Let r(j) = -12*j + 8*j - 1 + 6 - j - 3*j. Determine r(1).
-3
Let i(p) = 8*p - 4. Let y(v) = 5*v - 3. Let w(t) = -2*i(t) + 3*y(t). Let n(l) = l**2 - 10*l + 8. Let a = 28 - 20. Let b be n(a). Calculate w(b).
7
Let a(l) be the third derivative of -3*l**5/20 - l**3/6 + l**2 - 5. Let d(v) = 5*v + 4*v - v**2 - 19 + 2*v. Let m be d(9). What is a(m)?
-10
Let l(c) = 377*c**3 + 2*c - 4. Let y be l(1). Let u = 384 - y. Let k(j) = 2*j - 19. Give k(u).
-1
Suppose a + 10 = 2. Let d(k) = 85*k**2 + 11*k + 5. Let o(v) = -212*v**2 - 22*v - 11. Let x(p) = -5*d(p) - 2*o(p). Determine x(a).
21
Let n(a) = -a**3 + 9*a**2 - 15*a - 8. Suppose -48*b - 1440 + 1728 = 0. Determine n(b).
10
Let v = 4 + 5. Suppose a + 0*a + l = 7, -4*l = -3*a + 14. Let j be (-6 - a/v)*6/(-4). Let n(h) = -h**2 + 11*h + 2. Give n(j).
12
Let m be (-6)/21 - (-148)/28. Let q be (-2 - -2)/((m/(-1))/(-5)). Suppose q = -9*p - 42 - 21. Let b(n) = -n**2 - 5*n - 3. What is b(p)?
-17
Suppose z + p = -0*p + 3, 0 = 4*p. Let u(v) = -2*v**2 + 0*v**2 - 3 - z*v**2 + 2 - 2*v. Determine u(2).
-25
Suppose 0 = -5*o + z + 1656, -o + 3*z = 1 - 321. Suppose 347 - o = -15*t. Let l(a) = -15*a**2 - 1. What is l(t)?
-16
Let a(b) = -5*b + 10. Let c(t) = -t + 2. Suppose -5*i - 14 = 1, -5*q - 5*i = 60. Let x(r) = q*c(r) + 2*a(r). Determine x(7).
-5
Let i(y) be the third derivative of -7*y**6/120 + y**4/8 + y**3/2 + 2*y**2 - 341*y + 2. What is i(2)?
-47
Let r(f) = -18*f - 17. Let x(u) = 10*u + 9. Let s(n) = -6*r(n) - 11*x(n). Suppose -2*g + 12 = 2*z, -3*z + 5*g = -2*z + 6. Determine s(z).
-5
Let g(j) be the first derivative of -j**4/4 - 7*j**3/3 - 9*j**2/2 + 4*j - 2421. Calculate g(-3).
-5
Let q(w) = 5535 - 1386 - 1369 - 1386 + w**3 - 37*w - 1371 + 3*w**2. What is q(-8)?
-1
Let g(y) = -738*y - 2950. Let a be g(-4). Let c(w) = -6*w**3 + 2*w**2 - 2*w + 1. Give c(a).
-43
Let t(r) = -r - 12. Let g(i) = i**3 - 15*i**2 + 45*i + 14. Let v be g(11). Let h(k) = -2*k**2 + 52*k - 56. Let d be h(v). Calculate t(d).
-6
Let g(o) be the second derivative of o**4/6 - 101*o**3/6 + 55*o**2/2 - 5*o - 391. Give g(50).
5
Suppose 3*d - 19*d = -48. Suppose 5*m - d*x + 22 = 0, 3*m - 5*m - x = 11. Let i(p) = p**3 - 3 + 16*p + 20*p + 5*p**2 - 35*p + 10. What is i(m)?
2
Let m(u) = -u**2 - u + 37. Let j be m(6). Let n(c) = 4*c - 2. Let z(l) = -30*l + 21. Let b(d) = 9*n(d) + z(d). Give b(j).
-27
Let i(y) be the first derivative of -60 + y + 0*y**2 + 4*y + 247 - y**2 + y. What is i(3)?
0
Let q(z) = -4*z - 15. Let w = 2256 - 2259. Determine q(w).
-3
Let o(t) = 3*t + 2. Let f(h) = -11*h - 8*h**2 + 22 + 38 + 7*h**2. Let z be f(4). Give o(z).
2
Suppose -6 = -3*x + x. Suppose 0*n - 5*d - 32 = -x*n, d - 8 = -3*n. Let m(j) = -11*j - 3 + 4*j**2 + n*j + 9*j. Determine m(2).
17
Let h(a) = -15*a + 328. Suppose -5*m = 3*p - 66, -361*p + m + 110 = -356*p. Give h(p).
-2
Suppose -1104*a + 1097*a = 21. Let r(g) = g**3 + 2*g**2 - 2*g + 9. Calculate r(a).
6
Let z(h) be the third derivative of 6*h**2 + 0*h - 8/3*h**3 + 0 - 1/60*h**5 - 13/24*h**4. Calculate z(-12).
-4
Let a be 84/8*336/49. Suppose -9*r = 3*r - a. Let d(f) = f**3 - 7*f**2 + 6*f + 5. Give d(r).
5
Let m(s) = 2*s - 4 - 14*s**2 + 2 + 1 + 7*s**2 + 23*s**2. Let x be (-3)/(-2) - (-4)/(-8). Give m(x).
17
Let q(a) = 4*a**3 + 5*a**2 + 7 + a**3 + a**3 - 3*a + 0*a**3. Let o(y) = -5*y**3 - 5*y**2 + 3*y - 7. Let v(w) = 7*o(w) + 6*q(w). Determine v(5).
8
Let g = -13 - -8. Let c(n) = -5*n**3 - 69*n**2 + 12*n + 11. Let m(h) = 9*h**3 + 122*h**2 - 21*h - 21. Let p(s) = -7*c(s) - 4*m(s). Give p(g).
7
Let s(j) = -2*j + 4. Suppose 3*t + 2 = 2*b + 13, -14 = -2*b - 2*t. Let a be s(b). Let n(z) = z**3 - z**2 - z + 14. Determine n(a).
14
Let t(s) = s**3 + 5*s**2 + 99*s + 626. Let d be t(-6). Let l(z) = -13*z + 22. Calculate l(d).
74
Let w(q) = -4*q + 11. Suppose 2570*z - 306 = 2536*z. Calculate w(z).
-25
Let o(p) = 0*p**3 + 7 - 92*p**2 - p**3 + 34*p - 21 + 191*p**2 - 84*p**2. Give o(17).
-14
Let l be ((-18)/27)/(2/3). Let h(d) = -3*d - 1. Let f(c) = -15*c - 4. Let t(b) = l*f(b) + 6*h(b). Calculate t(-8).
22
Let d(r) = -5*r - 4*r - 4 + 3*r. Suppose 25*i + 17305 = -1920. Let z = -774 - i. What is d(z)?
26
Let p(z) = -4*z. Let l(d) = d**2 - 3*d - 45. Let u be l(7). Let k be (-20)/(-40) + 35/2. Let t = k + u. What is p(t)?
-4
Let k(h) = -14*h**3 + 25*h**2 + 7*h - 12. Let q be k(2). Suppose -22 = -4*f + 3*s, -3*f + 3*s = -f - 14. Let p(t) = -f*t + t - 9 + 2*t. Give p(q).
1
Let i(x) be the second derivative of 0*x**2 - 23/6*x**3 + 0 - 1/120*x**5 + 21*x - 1/8*x**4. Let y(b) be the second derivative of i(b). What is y(-5)?
2
Suppose -24 + 160 = 17*t. Suppose -2*v - j = 3*j - t, 2*j - 4 = 0. Let u(d) = -d**3 + d**2 - 4. Give u(v).
-4
Suppose 4*p = 3*t - 7, -2*t - 3*t = -5. Let y(s) = -3*s**3 - 11*s**2 - 4*s + 7. Let i(g) = g**3 + g - 1. Let h(a) = p*y(a) - 4*i(a). Calculate h(11).
-3
Suppose -360 = k - 349. Let l(o) = o**3 + 10*o**2 - 14*o - 6. What is l(k)?
27
Let h(x) = 52*x**2 + 2*x + 2. Suppose u + 7 = 2*c - 4, -5*u + 3*c = 20. Give h(u).
52
Let s(v) = -3*v**3 - 3919*v**2 + 15 + 7824*v**2 - 3923*v**2 - v + 2*v**3. What is s(-18)?
33
Let n(a) be the first derivative of a**3/3 + 3*a**2/2 - 3*a + 25. Let b = 72 - 68. Suppose y - 3*y + b = 0. Give n(y).
7
Let b(x) be the first derivative of -x**2/2 - 8*x + 1. Let t = -94 - -87. Let p(c) = c + 7. Let h be p(t). Calculate b(h).
-8
Let t(a) = a**2 - 2. Let l(k) = 5*k - 1 + 6*k - k**2 - 9*k + k. Let j(w) = -l(w) - 2*t(w). Determine j(-6).
-13
Let o(j) be the second derivative of j**5/20 + 5*j**4/4 - 8*j**3/3 - 7*j**2/2 + 163*j. Determine o(-16).
-7
Let s(t) = -t**2 - 15926 + 2*t**2 + 15933 + 23*t. Calculate s(-25).
57
Let j(r) = -100*r + 508. Suppose -5 = 3*u - 4*c, -25 = 37*u - 41*u - c. What is j(u)?
8
Let y be (-14 - -16)*(-3)/(5 + -2). Let u(q) = 4*q**3 - 28*q**2 - 20*q + 49. Let c(r) = r**3 - 7*r**2 - 5*r + 12. Let j(l) = y*u(l) + 9*c(l). Calculate j(7).
-25
Let z(b) = -1 - 1 + 2 + 2*b + 1. Suppose -2*y = 2*y. Suppose -4*a - 4 = -y*a. What is z(a)?
-1
Let u be (-436)/327*84/16. Let n(z) be the third derivative of z**4/8 - 2*z**3/3 - 2*z**2. Let v(k) = -2*k + 5. Let p(m) = 4*n(m) + 5*v(m). Determine p(u).
-5
Let g(s) = s + 14. Suppose 11*x - 10*x - 90 = 0. Suppose -5*q - x = -5*l, 0 = -2*l - q + 30. Suppose 3*b = -5*m - 18 - 2, l = 2*b - 4*m. Determine g(b).
14
Let f(c) = 3*c + 13*c - 15*c - 2*c**2 + 9 + c**2 + 0*c**2. Calculate f(3).
3
Let a(y) = y**2 + 6*y + 8. Suppose -345 - 131 = 4*l. Let f be l*3/(-12) - 1/(-4). Suppose 4*v + 4*g = 5*v + 6, -4*g + f = -5*v. Give a(v).
8
Suppose 7*o = 11*o - 684. Suppose o = 3*m - 4*a - 77, -3*a = m - 87. Let q = m + -83. Let v(t) = -24*t**2 - 2*t + 1. Determine v(q).
-25
Let z(n) be the third derivative of -5*n**5/12 + n**4/12 - n**3/6 + 428*n**2. Calculate z(1).
-24
Let i(x) = -x**3 - 3*x**2 + 4. Let w be i(-3). Let b(g) = 0 + 26*g - 8 + g**3 - 2*g**2 - w*g**2 - 30*g. Let d = 12 + -5. Determine b(d).
13
Let b(y) = -y + 4. Suppose -6*c - 483 = 165. Let v = c + 103. Give b(v).
9
Let i(f) be the first derivative of f**3/2 + 3*f**2/2 - 11*f + 136. Let g(h) be the first derivative of i(h). Determine g(-3).
-6
Let t(g) = g - 65. Let o(r) = -r - 10. Let f(p) = 6*o(p) - t(p). Let q = -32 + 7. Let j = -21 - q. What is f(j)?
-23
Suppose 63*v - 67*v - 19 - 5 = 0. Let t(m) = m**3 + 8*m**2 + 13*m + 14. Determine t(v).
8
Let s be (166/(-2